What is the highest common divisor of v and 9?
9
Suppose i + 5*o = 2*o - 111, -5*o + 222 = -2*i. Let l = 51 - i. Calculate the highest common divisor of l and 18.
18
Let d be -5 + 1 + (-1)/(-2 + 1). Let k be (-1*d/1)/(6/16). What is the highest common divisor of k and 12?
4
Let t(p) = 6*p**3 - 19*p**2 - 5*p. Let q be t(5). What is the greatest common factor of q and 10?
10
Let f be 86 + 2/(-2 - -1). Let n = 163 - 160. Suppose 0 = 8*b - n*b - 60. Calculate the highest common divisor of f and b.
12
Suppose -9*y + 38 = -34. What is the highest common divisor of 5 and y?
1
Let v = -17 - -30. Let j(d) = 21*d + 364. Let z be j(-13). Calculate the greatest common factor of z and v.
13
Let u = -21 - -35. Suppose n = 2, 5*s = 10*n - 5*n + 25. Calculate the greatest common factor of u and s.
7
Suppose 27 = 11*z - 28. Suppose z + 1 = n. What is the highest common divisor of n and 30?
6
Let o = 587 - 576. Let w be (23 - 1)/(1/2). What is the highest common divisor of o and w?
11
Suppose 0*m + 3*m + 9 = 0. Let d(q) = q**2 - 13*q - 4. Let o be d(14). Let u = m + o. Calculate the highest common factor of 77 and u.
7
Let a be 4/(-2)*(-2 + -2). Suppose -3*r - 34 + 439 = 0. Suppose -4*t + r = -121. Calculate the highest common factor of a and t.
8
Let s = 198 + -293. Let w = -91 - s. Calculate the greatest common factor of 28 and w.
4
Let i = -1061 - -2141. Calculate the highest common divisor of i and 80.
40
Let t = 374 - 339. Suppose -2*j - 57 = j. Let k = t + j. What is the greatest common factor of k and 24?
8
Suppose 5*v + 118 = 403. Suppose -4*r - 5*g + 22 = -135, -r + 42 = 4*g. Calculate the highest common factor of r and v.
19
Suppose 2*c = 3*z + 279, -2*z + 160 + 422 = 4*c. Calculate the greatest common divisor of 117 and c.
9
Let w be 2422/98 + 4/14. Suppose -3*x - w = -40. Calculate the highest common divisor of 1 and x.
1
Let x(w) = -w**3 - 6*w**2 + 3*w + 15. Let s be x(-9). Calculate the greatest common factor of 63 and s.
21
Suppose 2*w - 4*w - c + 76 = 0, 3*w - 124 = -4*c. Let l(g) = -5 + 2*g - 1 + 3*g**2 - 3. Let a be l(3). What is the greatest common factor of a and w?
12
Let p be -24*(58/(-4) - -5 - -1). Calculate the highest common factor of 36 and p.
12
Let a be (-268)/(-6) - 62/93. What is the greatest common divisor of 286 and a?
22
Let l(s) = 202*s**2 + 1. Let g be l(1). Calculate the greatest common divisor of 7 and g.
7
Suppose 10*x + 3*x = 1820. Let w be 1*-2 + 58 - 0. Calculate the highest common divisor of w and x.
28
Suppose -50*n = 65*n - 690. Let w(g) = -g**2 + 3*g + 2. Let u be w(3). Let c be u/3*(1 - -26). What is the greatest common divisor of n and c?
6
Let q(t) = -t - 37. Let z be q(-53). What is the highest common factor of 2000 and z?
16
Let s = -31 + 23. Let t = s - -8. Suppose 0 = -t*v - 3*v + 54. Calculate the highest common divisor of v and 9.
9
Suppose 3*b - 18 = -0. Suppose w = 3*w - b. Let z be -1 - -2 - (1 + -33). Calculate the highest common factor of z and w.
3
Let a(b) = 9*b**2 - 2*b + 58. Let f be a(-14). Calculate the greatest common factor of 25 and f.
25
Suppose 2*h + 22 = 4*u - 2, -6 = -u - 3*h. Suppose -3*w + u*w = 72. Suppose 0 = 6*b - 8*b + w. Calculate the highest common divisor of b and 24.
12
Suppose v - 2*v + 2*i = -20, -3*v - i = -25. Suppose k = 3*b + 19, -3 = -3*b + 3. Calculate the highest common divisor of v and k.
5
Suppose 2*q = -2, -q + 4 = 4*c - 5*q. Suppose 2*o = -c + 80. Let h be o/5 + (4 - 1). What is the greatest common factor of 33 and h?
11
Let a(d) = 42*d - 151. Let f be a(5). Calculate the highest common factor of f and 295.
59
Let q = 143 + -113. Calculate the highest common divisor of q and 105.
15
Let r = 641 - 581. What is the greatest common factor of 288 and r?
12
Suppose -56*c + 1625 = -51*c - 5*i, 2*c + i - 647 = 0. Calculate the greatest common factor of 144 and c.
36
Let b be 4/(-2)*(-7 + -43). Let p = -95 + b. What is the highest common factor of 20 and p?
5
Let p = -5 + -17. Let h = p - -143. Calculate the highest common factor of 22 and h.
11
Let b be -8 + 2 - (-62 + 27). Calculate the highest common divisor of b and 145.
29
Let s = 7 + -9. Let b(c) = -3*c - 3. Let j be b(s). Suppose 57 = 3*f + j*h, h + 2*h + 33 = 3*f. What is the greatest common divisor of f and 15?
15
Suppose 1 - 37 = -3*m. What is the greatest common factor of 588 and m?
12
Let r = -1594 - -1605. Let c(h) = -h**3 - 5*h**2 + 5*h + 5. Let x be c(-6). Calculate the greatest common divisor of x and r.
11
Let i(c) = -c**2 + 4*c + 22. Let h = 47 - 40. Let a be i(h). Calculate the highest common factor of a and 13.
1
Let r(t) = t**3 - 9*t**2 + 4*t - 20. Let c be r(9). Calculate the highest common divisor of 40 and c.
8
Let k(j) = -j**3 + 6*j**2 - 6*j + 1. Let b be k(5). Let o be 1 + 4 + b + 76. Suppose o = 4*w + 13. Calculate the highest common divisor of 112 and w.
16
Let a(n) = n - 1. Let t = 3 + 8. Let f be a(t). Let m = f - -4. Calculate the highest common factor of 35 and m.
7
Suppose 4*i - 2*m - 30 = -4*m, 5*i - 31 = 4*m. Calculate the greatest common factor of 77 and i.
7
Let l be (6/3)/(4/6). Suppose 13 = -135*d + 148*d. What is the highest common factor of d and l?
1
Let j = 149 + -137. Let z be 1334/14 - (-4)/(-14). Let k = z - 59. Calculate the greatest common divisor of k and j.
12
Suppose 44*t + 520 = 49*t - 5*v, -448 = -4*t - 4*v. Calculate the greatest common divisor of t and 156.
12
Let c be (-10)/(-35) + (-801)/(-63). Suppose 493 = 4*l - i + 73, -3*l - 3*i = -300. What is the greatest common factor of l and c?
13
Suppose -4*l - 4*f = -144, 4*l + 79 = 4*f + 255. What is the highest common factor of l and 1040?
40
Suppose 2*h - 523 = 5*i, 20*h - 1322 = 15*h - 2*i. Calculate the highest common divisor of 165 and h.
33
Suppose 2*q - 48 - 14 = 0. What is the greatest common factor of q and 403?
31
Let a be (-16)/64 - 847/(-28). Calculate the greatest common divisor of a and 1335.
15
Let q be 114 + ((-11)/(-3) - 4)*-3. Let n = 151 - q. Suppose 2*m - d - 3 = 0, -m + 4*m = d + 7. Calculate the greatest common factor of m and n.
4
Let l = -41 - -65. Calculate the greatest common divisor of 456 and l.
24
Let c(u) = u**3 + 2*u**2 - 3*u. Suppose -3*i + 0 - 6 = 0. Let h be c(i). Let t = 12 - -36. What is the highest common factor of h and t?
6
Suppose -9*j + c + 572 = -5*j, 2*c = 2*j - 280. Calculate the greatest common divisor of 72 and j.
72
Let f = -659 - -1523. Calculate the highest common factor of 32 and f.
32
Let q(y) = -y**2 + 38*y - 13. Let z be q(7). Calculate the greatest common divisor of z and 24.
12
Suppose -3*d + 4*n = -d - 602, 1490 = 5*d - 5*n. Suppose -6*h + h + d = 0. Suppose -h + 11 = -2*g. What is the greatest common factor of 240 and g?
24
Let q(r) = r**2 - 15 + 0*r + 2*r**2 + 3*r - 2*r**2. Let i be q(-9). Calculate the highest common factor of 13 and i.
13
Let b = 5625 - 5535. Suppose -f + 5*f - 144 = 0. What is the greatest common factor of b and f?
18
Suppose 0 = -o + 2*b + 38, -b = 5*o - 241 + 40. Let j(t) = -t**2 - 3*t + 10. Let m be j(-3). What is the highest common divisor of m and o?
10
Suppose -g + 2*g + 231 = 4*j, 0 = -4*j - 16. Let i = g + 364. Calculate the greatest common divisor of i and 13.
13
Suppose 6*k = 176 + 28. What is the highest common factor of k and 102?
34
Suppose 29*g = 10*g + 5016. Calculate the highest common factor of 363 and g.
33
Suppose -3*b - 871 = -5*q, 633 = 5*q + 5*b - 262. Calculate the highest common divisor of q and 11.
11
Let z(n) = n**3 - 3*n**2 - 5*n + 3. Let u be z(5). What is the greatest common divisor of u and 16?
4
Let b(l) = 3*l**3 + 7*l**2 + 2*l - 33. Let w be b(7). Calculate the highest common divisor of w and 33.
33
Let m = -17 + 20. Suppose -2*t + m + 1 = 0. Suppose -h = 3*y - 33, 4*h - h - 106 = -t*y. What is the highest common factor of 4 and h?
4
Let r = 9 + -5. Let k = -10 + 18. Suppose 0 = -4*w + k + 8. What is the highest common divisor of w and r?
4
Let l be (-3)/2*12/(-9). Let w be ((-10)/(-3))/((-2)/(-9)). Suppose 0 = t + l*t - w. Calculate the highest common divisor of t and 1.
1
Suppose -n + 5 = -0. Suppose l = n*l - 32. What is the greatest common divisor of l and 12?
4
Suppose -4*p - 3*m + 234 = 0, 102*p = 96*p - m + 358. Calculate the highest common factor of p and 810.
30
Let t(b) = b**2 + 8*b + 28. Let y be t(-